2 - 2) - -3 - 0?
0
What is the value of 1 + -3 + (-5 - -2)?
-5
Calculate (23 - 25) + (1 - -1).
0
What is the value of -17 + 1 + 0 + 9?
-7
What is (-2 - -2) + (5 - 11) - -12?
6
Calculate -5 - (3 - (-7 + 10)).
-5
What is the value of (-1 - 4) + 3 + 7?
5
Evaluate -4 + (-13 - -10) - -11.
4
Evaluate -1 - (1 + 0 + -5).
3
Calculate (-12 - -24 - 8) + -1.
3
Evaluate 3 + -2 + 1 - (-7 - -5).
4
Calculate -14 - (2 - 1) - -11.
-4
What is -5 - -1 - (-3 + -2 - 1)?
2
(-2 - -1) + -3 + 3
-1
Evaluate -19 + 16 - (1 - 9) - 7.
-2
Evaluate 34 + -35 - (1 - (-1 - 2)).
-5
What is (3 - 1) + 4 + -3 + 0?
3
What is 0 + -2 + 2 + 2 + -3?
-1
What is the value of -27 + 19 - (0 + -5)?
-3
1 + -5 - (1 + -12 + 7)
0
Evaluate 9 - (-1 - (5 + -19)).
-4
What is the value of -2 + 0 + -8 + 9 + -6?
-7
What is (2 - (5 + (-1 - 2))) + -1?
-1
What is the value of (1 - 5) + (6 - 4)?
-2
Evaluate 1 + 2 - (-80 + 77).
6
-9 - (0 + -5 + -3 - -4)
-5
8 + 1 + -16 + 10
3
Evaluate -4 + 3 + (-2 - -5).
2
What is (-9 - -11) + (0 - 2 - 2)?
-2
What is the value of -8 + 5 + (-15 - -21)?
3
Evaluate (1 + -5 - (-5 + -2)) + -4.
-1
Evaluate 0 - ((-2 - -6) + -7).
3
Calculate -2 - 5 - -4 - -3.
0
Calculate 0 + (2 - 0) + -1 + 3.
4
Evaluate -2 + -7 - (-4 + 3).
-8
What is 0 + 8 + -23 - -8?
-7
(-2 - 1) + -7 + (6 - 0)
-4
What is the value of (9 - (-3 + 9)) + (3 - 8)?
-2
Evaluate -2 - -1 - (9 - (11 - 0)).
1
What is -2 - (-6 + 4 + 5)?
-5
What is -1 + 7 - (1 + -1)?
6
Evaluate (1 - 7 - (16 + -14)) + 4.
-4
What is the value of 5 + -9 + -1 + (-43 - -45)?
-3
What is the value of 1 + -1 + (1 - 2) + 5?
4
2 - -3 - (22 + -11) - -11
5
Calculate -11 - (-3 + -10 - 0).
2
Calculate -1 + 6 + (-11 - (-8 - 6)).
8
What is the value of (-2 - -2 - 4) + 0 + 0?
-4
1 - ((1 - 5) + 3 - -1)
1
Evaluate -7 + 0 + (1 - -8).
2
(17 - 4) + 11 + -24
0
What is the value of 1 + 2 - ((3 - 0) + -3)?
3
What is (-12 - -2) + -4 + 16?
2
1 + (1 - (-5 - (-4 + -4)))
-1
What is the value of 8 - ((6 - 6) + 3)?
5
What is 3 + 0 + 0 + -10 + 4?
-3
Evaluate 3 - (2 + -3 - -5 - -1).
-2
What is -8 - (-9 + (6 - 2))?
-3
(-1 - -6) + -2 + -12 + 1
-8
What is 0 + -3 + (-2 - 0) - 0?
-5
What is the value of 10 - 6 - (-9 - -7)?
6
3 + (7 - 6) + -3
1
What is the value of 6 + (-6 - 9) + 11?
2
Calculate (9 - (8 + -8)) + -17.
-8
-2 + (10 - 6) + -3 + -5
-6
Calculate 4 - 5 - 0 - 3 - -1.
-3
Calculate 2 - (2 - -11 - 6).
-5
What is 5 - (5 + -3 + 6)?
-3
What is the value of (2 - -1) + (-2 - (-3 - -4))?
0
What is 4 - (-3 - -2) - 9?
-4
What is 8 + -17 + 2 - (0 + -5)?
-2
What is the value of (-1 - 5 - 0) + 3?
-3
Evaluate 1 + 0 + (-7 + 3 - 0).
-3
Evaluate -2 + 2 + (3 - -1) + -1.
3
-1 - 1 - (0 - 4)
2
What is the value of 6 - (6 - -3) - -4?
1
Evaluate -4 - (3 - (3 - -2)).
-2
What is 9 - 1 - (1 - -3)?
4
What is the value of 0 + 9 + -6 + -2?
1
Calculate 0 + -4 - (1 - 11 - -6).
0
Calculate 5 + (-2 - (4 + -4)) - 3.
0
What is the value of -6 + -3 + 15 + -7?
-1
(-2 - (-2 - 0)) + (-15 - -15)
0
What is (159 - 148) + (-17 - 0)?
-6
-3 + (0 + -2 - -6)
1
What is the value of -2 + 9 + -4 - -4 - 9?
-2
What is 18 - 3 - 8 - 7?
0
3 - (10 - (20 + -15))
-2
1 - (-4 + -1 - -2)
4
Evaluate 3 + -8 + (-17 - -24).
2
What is the value of (3 - 1) + -3 + 2 - -2?
3
Evaluate 1 + 0 + (-4 - (-2 + 1)).
-2
What is (0 - -12) + (-7 - 5 - -5)?
5
Evaluate -1 - ((-8 - -3) + 2).
2
-5 + (-3 + 2 - -4)
-2
Calculate 39 - 36 - (0 - -1).
2
Evaluate -4 + 7 + 0 + 1.
4
Evaluate -3 - ((7 - 4) + (-12 - -1)).
5
Evaluate (-2 - -2) + 4 - (-10 + 10).
4
What is the value of 10 - (3 + 3 + (-4 - -3))?
5
3 + -5 - 0 - (-20 - -14)
4
0 - 0 - (-6 - -5) - 6
-5
3 + (-2 + 0 + 1 - -1)
3
Calculate -3 - (-9 + (-4 - -7)) - 6.
-3
What is 10 + -15 + -1 - -7?
1
Evaluate -5 + (-11 - -5 - -11).
0
What is the value of 1 - (-5 + 8 + -7) - 1?
4
What is -3 - ((0 - -3) + 4 - 6)?
-4
Calculate 0 - -4 - (-52 + 51).
5
Evaluate -5 - (2 + -10 + -2).
5
(5 - 12) + 7 + -3
-3
What is the value of 3 - (8 - 9) - -1?
5
Calculate -10 - 1 - (-7 + 4).
-8
What is 2 + 2 - (9 - 1)?
-4
(-10 - (-1 + 2 - 6)) + 6
1
What is the value of (0 - 14) + 37 + -26?
-3
6 + -1 + (-6 - (0 + -5))
4
Calculate -10 + (32 - 10) + -10.
2
What is -3 - -2 - 2 - (10 - 13)?
0
-1 + (-2 - (3 + -2 + -4))
0
What is (-2 - -3) + 3 + -2?
2
Evaluate -8 - (-2 - (7 + -5 - 0)).
-4
Calculate -3 + -7 - (-4 - 9).
3
What is the value of -5 + -3 + 2 + 3 + 1?
-2
What is the value of -3 + (1 - 3) - -9?
4
-1 + -1 + -4 + 4
-2
Evaluate -1 + (3 - 5) + 3 + -7.
-7
What is 4 - 4 - 0 - (-6 + 2)?
4
-1 + (5 - 0 - -1)
5
What is -1 - -7 - (5 - 0) - -4?
5
Evaluate 8 - 14 - (-9 + 3).
0
Evaluate 1 + (-5 - (2 + -16 + 4)).
6
What is the value of (-4 - 6) + 3 - -10?
3
What is (1 - (-8 - -1)) + -13?
-5
Calculate 5 + (5 - 10) + 1.
1
What is 1 - 1 - 3 - -7 - 1?
3
3 + (-4 - 1 - -4)
2
2 + (6 - (-2 + 1 + 4))
5
Calculate -5 + -4 + 4 - -5.
0
-11 + 14 + -6 - (1 + 0)
-4
What is -3 + (1 - (-3 + (1 - 3)))?
3
What is the value of 27 - 17 - ((2 - 4) + 6)?
6
Calculate 4 + 5 + -5 - -2.
6
What is the value of (-1 - -8) + -6 + -5 + 8?
4
What is -9 - (2 + -11 - (2 - 7))?
-5
What is the value of 6 - (0 - -14) - -10?
2
Evaluate 3 - 3 - (-10 - -6).
4
What is -1 + (-9 - -7) + -2 - 3?
-8
Evaluate -134 - -135 - (0 - 4).
5
What is -8 - (-4 + 2 + (-4 - -3))?
-5
Calculate 1 + 1 + (1 - -2).
5
Calculate -7 + 1 - (-57 + 51) - 1.
-1
What is 1 + -8 + 3 + 4?
0
12 + -11 + 5 - 12
-6
What is 0 - (6 + 0) - -2?
-4
What is the value of -3 + 3 - (12 + -9) - -8?
5
Evaluate -3 + (0 - 0 - (-5 + 7)).
-5
Evaluate 2 + -2 + (5 - 0 - 7).
-2
0 + (-3 - 3) + (-5 - -6)
-5
Evaluate (-10 + 5 - -4) + 1 + 2.
2
Evaluate -3 + 3 - ((2 - 2) + 2).
-2
Calculate 7 - 7 - -7 - 6.
1
What is the value of 2 - 3 - -5 - 3?
1
Calculate (1 - 3) + 0 - (-1 + 3).
-4
Calculate -11 + 7 + (-1 - 0) + 8.
3
What is the value of 0 + (-3 - -4) - -2?
3
What is the value of -3 - -1 - (2 + -1 + 0)?
-3
0 - 4 - (-1 - -4) - -2
-5
What is the value of -2 - (-10 - (-1 - 4))?
3
(-13 + (2 - -5) - -6) + 8
8
What is the value of (5 - -5 - 11) + (-1 - 3)?
-5
Calculate (-1 - 1 - -2) + 2 - 0.
2
What is 7 + 5 + -9 - -3?
6
3 + -3 + 2 - 4
-2
Evaluate (-3 - -8) + -2 + 3.
6
Calculate (0 - -2) + (4 - -4 - 10).
0
Calculate (2 - (-5 + 4)) + 0 + -3.
0
4 - (16 - (3 - -10))
1
Calculate -6 - 8 - -5 - -4.
-5
What is -8 + (1 - -6) - 4?
-5
What is -6 - ((0 - 7) + 6)?
-5
What is -8 - (-1 + -5 + 6 + -6)?
-2
Calculate -3 + (0 - -7) + -2 - 0.
2
What is -3 + (-5 - (-2 - (3 + -1)))?
-4
What is the value of 0 + 1 - (-9 - -10 - -6)?
-6
What is 1 - 7 - (-13 + 5 - -4)?
-2
Evaluate 14 + 3 - (-7 + (7 - -7)).
10
What is (2 - -3) + (2 - 3)?
4
Evaluate (-1 - 3) + -7 + (13 - 1).
1
What is the value of -11 - (-15 - (-6 + 0))?
-2
What is 4 - (4 - 4) - 7?
-3
Calculate 10 + -9 - -3 - 4.
0
Calculate (193 - 183) + 1 + 2 + -6.
7
What is the value of -2 + -4 + (2 - -1) + 3?
0
What is the value of -10 - -2 - (0 - (-4 - -8))?
-4
-2 + (-6 - -5 - -6)
3
What is (3 - 0) + -9 + 7?
1
What is the value of (7 - 12) + (-3 - (-5 - -2))?
-5
What is 3 + -5 + 3 + -1?
0
-17 + 10 + 6 + 7
6
1 + (-1 - (-2 - 0)) + -4
-2
Evaluate 3 - 2 - (18 + -12).
-5
What is (-5 - (1 - 10)) + -11?
-7
Evaluate 8 + (-6 - -1 - 3).
0
What is the value of 4 - ((-4 - -2) + 1)?
5
What is the value of (-7 - (-3 + 3)) + (0 - -2)?
-5
Evaluate -5 + 0 + (3 - 0) + 4.
2
What is 0 + 2 - ((-8 - -14) + 1)?
-5
6 + -2 + 9 + -13
0
-7 - -3 - (-1 - 5)
2
Calculate 13 + (-3 - 5) + 0.
5
4 - (3 - 0) - 5
-4
What is 8 + 6 + 5 + -16 + 6?
9
What is the value of (5 - (0 - -3)) + -2?
0
5 + -9 + -3 - -15
8
0 + -4 + (5 - 4)
-3
What is the value of (1 - (0 - -5)) + -1 + 1?
-4
What is (-19 - -17) + 0 + 4?
2
Evaluate 7 + 1 + (-7 - -4) + -3.
2
What is -5 + ((5 - 0) + 0 - 2)?
-2
What is the value of (5 - -3) + -7 - 0?
1
Evaluate -2 - (-3 + 4) - -9 - 7.
-1
-8 + 8 + (2 - -3)
5
What is -5 + 0 - (-7 - (1 - 9))?
-6
What is the value of 58 - 36 - (3 + 8)?
11
Evaluate 0 + -3 + (-1 - -3 - 6).
-7
What is (1 - 3) + (4 - 2)?
0
-1 + (3 - 0 - (4 + 1))
-3
Calculate 0 + 7 - (3 + 7).
-3
Evaluate 7 - (2 - (-11 + (0 - -1))).
-5
Evaluate 1 - ((5 - 15) + 5).
6
What is the value of 0 - -7 - (0 - -3)?
4
(-2 - (6 + -5 + 5)) + 4
-4
Evaluate 3 + 1 + (-4 - (-5 - -5)).
0
0 + 4 + -3 + (5 - 1)
5
What is the value of 8 - (-8 - -7 - -11)?
-2
What is 3 + (6 - (3 + 8)) + -5?
-7
Evaluate (-7 - -2) + 22 + -18 + 2.
1
3 + -1 - (-11 - -14)
-1
What is -2 + 7 + (8 - 9)?
4
Evaluate (6 - 0) + (41 - 43).
4
17 